{"id":4513,"date":"2025-01-01T18:47:57","date_gmt":"2025-01-01T17:47:57","guid":{"rendered":"https:\/\/grasundhasch.net\/?page_id=4513"},"modified":"2025-04-06T10:55:59","modified_gmt":"2025-04-06T08:55:59","slug":"infos","status":"publish","type":"page","link":"https:\/\/grasundhasch.net\/?page_id=4513","title":{"rendered":"Infos zu Cannabis"},"content":{"rendered":"\n<details class=\"wp-block-details is-layout-flow wp-block-details-is-layout-flow\"><summary>WAS IST CANNABIS?<\/summary>\n<p>Cannabis ist eine psychoaktive Substanz und kann als solche eine Ver\u00e4nderung der Wahrnehmung, des Denkens,<br>F\u00fchlens und Handelns bewirken. Insbesondere bei h\u00f6herer Konsummenge kann es zu gesundheitssch\u00e4digenden<br>\u00dcberdosierungen kommen. Bedenken Sie: Der Konsum psychoaktiver Substanzen ist immer mit Risiken verbunden!<br>F\u00fcr Minderj\u00e4hrige sind der Erwerb, Besitz und Anbau von Cannabis weiterhin verboten! Die Weitergabe von Cannabis<br>an Kinder und Jugendliche ist strafbar!<\/p>\n<\/details>\n\n\n\n<details class=\"wp-block-details is-layout-flow wp-block-details-is-layout-flow\"><summary>WIRKUNGEN UND RISIKEN VON CANNABIS<\/summary>\n<p>Cannabis kann von Mensch zu Mensch unterschiedlich wirken.<br>Gef\u00fchle \u2013 auch negative \u2013 k\u00f6nnen beim Konsum verst\u00e4rkt werden.<br>M\u00f6gliche negative Wirkungen von Cannabis: St\u00f6rungen des Kurzzeitged\u00e4chtnisses, Verwirrtheit, Angst, Panik, Erinnerungs-<br>l\u00fccken, sozialer R\u00fcckzug sowie Leistungsabfall in Schule, Ausbildung und Beruf.<br>Vor allem Menschen, die zum ersten Mal Cannabis konsumieren, sind durch diese negativen Wirkungen gef\u00e4hrdet.<br>Es kann zu Beeintr\u00e4chtigungen der motorischen Koordination, des Ged\u00e4chtnisses und der Aufmerksamkeit kommen. Dadurch<br>steigt die Unfallgefahr im Stra\u00dfenverkehr. Bei h\u00e4ufigerem oder l\u00e4nger andauerndem Konsum k\u00f6nnen sich<br>psychische St\u00f6rungen wie Depressionen und Psychosen entwickeln, insbesondere bei Menschen mit psychischen<br>Vorerkrankungen oder mit einer besonderen Empfindlichkeit f\u00fcr diese Erkrankungen. Zudem besteht das Risiko der Entwicklung<br>einer (insbesondere psychischen) Abh\u00e4ngigkeit. Bei h\u00f6herer Dosierung (bzw. h\u00f6herem THC-Gehalt) und<br>h\u00e4ufigem Konsum steigt das Risiko f\u00fcr diese negativen Wirkungen.<br>Bei jungen Menschen unter 25 Jahren ist das Gehirn noch nicht vollst\u00e4ndig ausgereift. Cannabiskonsum kann bis zu diesem Alter die Gehirnentwicklung nachhaltig st\u00f6ren<\/p>\n<\/details>\n\n\n\n<details class=\"wp-block-details is-layout-flow wp-block-details-is-layout-flow\"><summary>KEIN CANNABIS KONSUMIEREN SOLLTEN FOLGENDE PERSONEN:<\/summary>\n<p class=\"has-text-align-left\">Jugendliche unter 18 Jahren (der Konsum ist gesetzlich verboten).<br>Frauen mit Kinderwunsch, Schwangere und Frauen in der Stillzeit. Menschen mit erh\u00f6htem Risiko f\u00fcr psychische Gesundheits-<br>probleme (z.B. bei psychischen und k\u00f6rperlichen Vorerkrankungen und famili\u00e4rer Vorgeschichte).<\/p>\n<\/details>\n\n\n\n<details class=\"wp-block-details is-layout-flow wp-block-details-is-layout-flow\"><summary>RECHTLICHE HINWEISE<\/summary>\n<p class=\"has-text-align-left\">Der Erwerb von Cannabis-Produkten au\u00dferhalb von beh\u00f6rdlich zugelassenen Anbauvereinigungen ist strafbar, ebenso die Weitergabe von Cannabis-Produkten an andere Personen, insbesondere an Minderj\u00e4hrige. Weitergabemengen (durch Anbau-vereinigungen): max. 25 Gramm pro Tag an erwachsene Mitglieder.<br>F\u00fcr 18- bis 21-J\u00e4hrige: max. 30 Gramm pro Monat mit THC- Gehalt von max. 10 Prozent.<br>F\u00fcr Erwachsene ab 21 Jahren: max. 50 Gramm pro Monat.<br><br><br> Kein Bedienen von Kraftfahrzeugen unter der Wirkung von Cannabis!<br>Im Stra\u00dfenverkehr gilt k\u00fcnftig der Grenzwert von 3,5 Nanogramm THC je Milliliter Blutserum.<br>F\u00fcr Fahranf\u00e4nger\/-innen und unter 21 Jahren gilt ein Cannabis-Verbot.<\/p>\n<\/details>\n\n\n\n<details class=\"wp-block-details is-layout-flow wp-block-details-is-layout-flow\"><summary>SIE M\u00d6CHTEN WENIGER CANNABIS KONSUMIEREN ODER GANZ AUFH\u00d6REN?<\/summary>\n<p class=\"has-text-align-left\">Wir unterst\u00fctzen Sie dabei!<\/p>\n\n\n\n<div class=\"wp-block-group is-horizontal is-content-justification-left is-layout-flex wp-container-core-group-is-layout-55f59fbf wp-block-group-is-layout-flex\">\n<p><strong>Sucht &amp; Drogen Hotline:<\/strong><br>t\u00e4glich 8-24 Uhr. Tel.: 01806 313031<br>(Kostenpflichtig 0,20 \u20ac pro Anruf aus dem Festnetz<br>und aus dem Mobilfunknetz)<\/p>\n\n\n\n<p><strong>BZgA-Infotelefon<\/strong><br>Mo.-Do. von 10-22 Uhr,<br>Fr.-So. von 10-18 Uhr. Tel.: 02 21 89 20 31<br>(Preis entsprechend der Preisliste Ihres<br>Telefonanbieters f\u00fcr Gespr\u00e4che in das deutsche<br>Festnetz)<\/p>\n<\/div>\n<\/details>\n\n\n\n<details class=\"wp-block-details is-layout-flow wp-block-details-is-layout-flow\"><summary>WEITERE INFORMATIONEN ZU CANNABIS UND RECHTLICHEN REGELUNGEN FINDEN SIE HIER:<\/summary>\n<p><a href=\"http:\/\/INFOS-CANNABIS.DE\">http:\/\/INFOS-CANNABIS.DE<\/a><\/p>\n<\/details>\n\n\n\n<p><\/p>\n","protected":false},"excerpt":{"rendered":"","protected":false},"author":2,"featured_media":0,"parent":0,"menu_order":0,"comment_status":"closed","ping_status":"closed","template":"","meta":{"footnotes":""},"class_list":["post-4513","page","type-page","status-publish","hentry"],"yoast_head":"<!-- This site is optimized with the Yoast SEO plugin v27.3 - https:\/\/yoast.com\/product\/yoast-seo-wordpress\/ -->\n<title>Infos zu Cannabis - Gras &amp; Hasch Verein L\u00fcneburg<\/title>\n<meta name=\"robots\" content=\"index, follow, max-snippet:-1, max-image-preview:large, max-video-preview:-1\" \/>\n<link rel=\"canonical\" href=\"https:\/\/grasundhasch.net\/?page_id=4513\" \/>\n<meta property=\"og:locale\" content=\"de_DE\" \/>\n<meta property=\"og:type\" content=\"article\" \/>\n<meta property=\"og:title\" content=\"Infos zu Cannabis - Gras &amp; Hasch Verein L\u00fcneburg\" \/>\n<meta property=\"og:url\" content=\"https:\/\/grasundhasch.net\/?page_id=4513\" \/>\n<meta property=\"og:site_name\" content=\"Gras &amp; Hasch Verein L\u00fcneburg\" \/>\n<meta property=\"article:modified_time\" content=\"2025-04-06T08:55:59+00:00\" \/>\n<meta name=\"twitter:card\" content=\"summary_large_image\" \/>\n<meta name=\"twitter:label1\" content=\"Gesch\u00e4tzte Lesezeit\" \/>\n\t<meta name=\"twitter:data1\" content=\"3\u00a0Minuten\" \/>\n<script type=\"application\/ld+json\" class=\"yoast-schema-graph\">{\"@context\":\"https:\\\/\\\/schema.org\",\"@graph\":[{\"@type\":\"WebPage\",\"@id\":\"https:\\\/\\\/grasundhasch.net\\\/?page_id=4513\",\"url\":\"https:\\\/\\\/grasundhasch.net\\\/?page_id=4513\",\"name\":\"Infos zu Cannabis - Gras &amp; Hasch Verein L\u00fcneburg\",\"isPartOf\":{\"@id\":\"https:\\\/\\\/grasundhasch.net\\\/#website\"},\"datePublished\":\"2025-01-01T17:47:57+00:00\",\"dateModified\":\"2025-04-06T08:55:59+00:00\",\"breadcrumb\":{\"@id\":\"https:\\\/\\\/grasundhasch.net\\\/?page_id=4513#breadcrumb\"},\"inLanguage\":\"de\",\"potentialAction\":[{\"@type\":\"ReadAction\",\"target\":[\"https:\\\/\\\/grasundhasch.net\\\/?page_id=4513\"]}]},{\"@type\":\"BreadcrumbList\",\"@id\":\"https:\\\/\\\/grasundhasch.net\\\/?page_id=4513#breadcrumb\",\"itemListElement\":[{\"@type\":\"ListItem\",\"position\":1,\"name\":\"Startseite\",\"item\":\"https:\\\/\\\/grasundhasch.net\\\/\"},{\"@type\":\"ListItem\",\"position\":2,\"name\":\"Infos zu Cannabis\"}]},{\"@type\":\"WebSite\",\"@id\":\"https:\\\/\\\/grasundhasch.net\\\/#website\",\"url\":\"https:\\\/\\\/grasundhasch.net\\\/\",\"name\":\"grasundhasch.net\",\"description\":\"Gras &amp; Hasch Cannabis Club  L\u00fcneburg\",\"publisher\":{\"@id\":\"https:\\\/\\\/grasundhasch.net\\\/#organization\"},\"potentialAction\":[{\"@type\":\"SearchAction\",\"target\":{\"@type\":\"EntryPoint\",\"urlTemplate\":\"https:\\\/\\\/grasundhasch.net\\\/?s={search_term_string}\"},\"query-input\":{\"@type\":\"PropertyValueSpecification\",\"valueRequired\":true,\"valueName\":\"search_term_string\"}}],\"inLanguage\":\"de\"},{\"@type\":\"Organization\",\"@id\":\"https:\\\/\\\/grasundhasch.net\\\/#organization\",\"name\":\"Gras & Hasch e.V.\",\"url\":\"https:\\\/\\\/grasundhasch.net\\\/\",\"logo\":{\"@type\":\"ImageObject\",\"inLanguage\":\"de\",\"@id\":\"https:\\\/\\\/grasundhasch.net\\\/#\\\/schema\\\/logo\\\/image\\\/\",\"url\":\"https:\\\/\\\/grasundhasch.net\\\/wp-content\\\/uploads\\\/2025\\\/01\\\/gras_hasch_wallpaper_2_werdasliestisteinpothead-scaled.jpg\",\"contentUrl\":\"https:\\\/\\\/grasundhasch.net\\\/wp-content\\\/uploads\\\/2025\\\/01\\\/gras_hasch_wallpaper_2_werdasliestisteinpothead-scaled.jpg\",\"width\":2560,\"height\":1440,\"caption\":\"Gras & Hasch e.V.\"},\"image\":{\"@id\":\"https:\\\/\\\/grasundhasch.net\\\/#\\\/schema\\\/logo\\\/image\\\/\"}}]}<\/script>\n<!-- \/ Yoast SEO plugin. -->","yoast_head_json":{"title":"Infos zu Cannabis - Gras &amp; Hasch Verein L\u00fcneburg","robots":{"index":"index","follow":"follow","max-snippet":"max-snippet:-1","max-image-preview":"max-image-preview:large","max-video-preview":"max-video-preview:-1"},"canonical":"https:\/\/grasundhasch.net\/?page_id=4513","og_locale":"de_DE","og_type":"article","og_title":"Infos zu Cannabis - Gras &amp; Hasch Verein L\u00fcneburg","og_url":"https:\/\/grasundhasch.net\/?page_id=4513","og_site_name":"Gras &amp; Hasch Verein L\u00fcneburg","article_modified_time":"2025-04-06T08:55:59+00:00","twitter_card":"summary_large_image","twitter_misc":{"Gesch\u00e4tzte Lesezeit":"3\u00a0Minuten"},"schema":{"@context":"https:\/\/schema.org","@graph":[{"@type":"WebPage","@id":"https:\/\/grasundhasch.net\/?page_id=4513","url":"https:\/\/grasundhasch.net\/?page_id=4513","name":"Infos zu Cannabis - Gras &amp; Hasch Verein L\u00fcneburg","isPartOf":{"@id":"https:\/\/grasundhasch.net\/#website"},"datePublished":"2025-01-01T17:47:57+00:00","dateModified":"2025-04-06T08:55:59+00:00","breadcrumb":{"@id":"https:\/\/grasundhasch.net\/?page_id=4513#breadcrumb"},"inLanguage":"de","potentialAction":[{"@type":"ReadAction","target":["https:\/\/grasundhasch.net\/?page_id=4513"]}]},{"@type":"BreadcrumbList","@id":"https:\/\/grasundhasch.net\/?page_id=4513#breadcrumb","itemListElement":[{"@type":"ListItem","position":1,"name":"Startseite","item":"https:\/\/grasundhasch.net\/"},{"@type":"ListItem","position":2,"name":"Infos zu Cannabis"}]},{"@type":"WebSite","@id":"https:\/\/grasundhasch.net\/#website","url":"https:\/\/grasundhasch.net\/","name":"grasundhasch.net","description":"Gras &amp; Hasch Cannabis Club  L\u00fcneburg","publisher":{"@id":"https:\/\/grasundhasch.net\/#organization"},"potentialAction":[{"@type":"SearchAction","target":{"@type":"EntryPoint","urlTemplate":"https:\/\/grasundhasch.net\/?s={search_term_string}"},"query-input":{"@type":"PropertyValueSpecification","valueRequired":true,"valueName":"search_term_string"}}],"inLanguage":"de"},{"@type":"Organization","@id":"https:\/\/grasundhasch.net\/#organization","name":"Gras & Hasch e.V.","url":"https:\/\/grasundhasch.net\/","logo":{"@type":"ImageObject","inLanguage":"de","@id":"https:\/\/grasundhasch.net\/#\/schema\/logo\/image\/","url":"https:\/\/grasundhasch.net\/wp-content\/uploads\/2025\/01\/gras_hasch_wallpaper_2_werdasliestisteinpothead-scaled.jpg","contentUrl":"https:\/\/grasundhasch.net\/wp-content\/uploads\/2025\/01\/gras_hasch_wallpaper_2_werdasliestisteinpothead-scaled.jpg","width":2560,"height":1440,"caption":"Gras & Hasch e.V."},"image":{"@id":"https:\/\/grasundhasch.net\/#\/schema\/logo\/image\/"}}]}},"_links":{"self":[{"href":"https:\/\/grasundhasch.net\/index.php?rest_route=\/wp\/v2\/pages\/4513","targetHints":{"allow":["GET"]}}],"collection":[{"href":"https:\/\/grasundhasch.net\/index.php?rest_route=\/wp\/v2\/pages"}],"about":[{"href":"https:\/\/grasundhasch.net\/index.php?rest_route=\/wp\/v2\/types\/page"}],"author":[{"embeddable":true,"href":"https:\/\/grasundhasch.net\/index.php?rest_route=\/wp\/v2\/users\/2"}],"replies":[{"embeddable":true,"href":"https:\/\/grasundhasch.net\/index.php?rest_route=%2Fwp%2Fv2%2Fcomments&post=4513"}],"version-history":[{"count":9,"href":"https:\/\/grasundhasch.net\/index.php?rest_route=\/wp\/v2\/pages\/4513\/revisions"}],"predecessor-version":[{"id":4727,"href":"https:\/\/grasundhasch.net\/index.php?rest_route=\/wp\/v2\/pages\/4513\/revisions\/4727"}],"wp:attachment":[{"href":"https:\/\/grasundhasch.net\/index.php?rest_route=%2Fwp%2Fv2%2Fmedia&parent=4513"}],"curies":[{"name":"wp","href":"https:\/\/api.w.org\/{rel}","templated":true}]}}